lculate the greatest common divisor of b and y.
6
Suppose -4 = -r - 2. Suppose 0*a = r*a - 5*g - 60, 3*g = -3*a + 90. What is the highest common factor of 6 and a?
6
Let b(s) = 12*s - 3. Let v be b(3). Let p be -2 - 0*(-3)/(-9). Let j be ((-3)/p)/(3/6). Calculate the highest common factor of v and j.
3
Suppose -3*u + 2*m + 36 = -m, -m = -3*u + 28. What is the greatest common factor of u and 2?
2
Suppose 4*t = -5*m - t + 755, m + 2*t = 148. Calculate the greatest common divisor of m and 22.
22
Let d be (-3)/(-6)*(62 + 6). What is the greatest common divisor of 17 and d?
17
Let o be (-8)/(-2) - (12 - 10). What is the greatest common divisor of o and 14?
2
Let w(h) = 13*h - 1. Let r be w(2). Calculate the greatest common factor of 50 and r.
25
Suppose 6 = -10*f + 146. Let k be 127 - (-2)/(1 - 2). Suppose -4*p - 4*x + k - 9 = 0, -88 = -3*p - 4*x. Calculate the greatest common divisor of p and f.
14
Suppose -103 = -n + 17. What is the greatest common divisor of 80 and n?
40
Let q(b) = -b**3 - 8*b**2 + 11*b + 10. Let l be q(-9). Let k be (-170)/(-8) + 2/l. Suppose 651 = 4*o - 105. Calculate the highest common divisor of o and k.
21
Suppose 2*u - 10 = 22. Calculate the greatest common divisor of u and 64.
16
Let w(i) = -i**3 + 3*i**2 + 11*i. Let j be w(5). Calculate the greatest common divisor of j and 30.
5
Let b be ((-10)/(-20))/(2/44). Calculate the greatest common factor of 11 and b.
11
Suppose 0*v - 3*j - 9 = -v, 3*v = -j - 3. Suppose 5*c = -v*c + 160. What is the greatest common factor of 352 and c?
32
Let c be 18/((6/4)/1). Let m(x) = -7*x - 23. Let q be m(-5). Calculate the greatest common divisor of q and c.
12
Suppose b + 4*p = -12, -2*b + 7*b - 50 = 2*p. Suppose 0 = -4*w + 198 + 58. Calculate the greatest common factor of b and w.
8
Suppose 0 = o + 2*o - 18. Let u(j) = 7*j - 19 - 2*j - 19 + 35. Let a be u(1). What is the greatest common factor of o and a?
2
Suppose 0 = -2*w - 44 + 356. Calculate the highest common factor of 104 and w.
52
Let j = 4 - -18. Calculate the highest common divisor of j and 44.
22
Let r(c) = -c + 1. Let g be r(0). Let f = g - 1. Suppose -5*u + 3*q + 29 = f, 0 - 1 = u - 4*q. Calculate the highest common divisor of 1 and u.
1
Suppose 5*j - 72 + 12 = 0. Let u be 3 - 2 - -52 - -3. Let w = 92 - u. Calculate the greatest common factor of j and w.
12
Let p be 944/24 - 4/(-6). Suppose 0*g = -g + p. Calculate the greatest common factor of g and 60.
20
Let y be (-4)/18 - 74/(-9). Suppose 0*d = -2*d + 50. Suppose 3*n + 4*b - d = 139, 5*n - 284 = 4*b. Calculate the highest common factor of n and y.
8
Let i be 32 - (-3)/(5 - 2 - 2). Calculate the highest common factor of 35 and i.
35
Let i(n) = -60*n. Let l be i(-1). What is the highest common divisor of 24 and l?
12
Let u = -275 - -405. What is the highest common factor of 13 and u?
13
Suppose -y + 16 = -4. Suppose -5*o + o = -y. Suppose o*h = -0*h + 45. Calculate the greatest common factor of 45 and h.
9
Suppose 2*w - 3 = -s, 36 = 4*w - 5*s + s. Let f = 4 + -1. Suppose -2*b - 5*y + 63 = -0*b, -b = -f*y - 59. Calculate the greatest common divisor of b and w.
4
Let z(q) = -38*q - 1. Let d be z(-1). Let i = -21 + d. What is the highest common factor of i and 8?
8
Let j be 5 - 2 - (-152)/8. Calculate the greatest common divisor of j and 154.
22
Let c = -6 - -15. What is the highest common divisor of c and 72?
9
Suppose 8*w = 4*w + 160. What is the highest common divisor of w and 100?
20
Let l = -6 + 28. Calculate the highest common divisor of l and 154.
22
Suppose 2*v + 3*x = 45, 4*v + 0*x - 45 = 3*x. Let g be (15/(-9))/((-2)/6). What is the greatest common divisor of v and g?
5
Suppose 5*f = f + 44. Let m = -190 + 191. Calculate the highest common divisor of f and m.
1
Suppose -5 = -l - 3. Let p(u) = -u. Let o be p(1). Let a(m) = -m**3 + 1. Let f be a(o). What is the greatest common divisor of l and f?
2
Suppose -78 = -3*z + 36. Suppose -2*l = -u - 53, 4*u - z = -3*l + 14. Calculate the highest common divisor of 120 and l.
24
Suppose 3*b + l - 13 = 0, -5 = -5*b - 4*l + 12. Suppose o + 5*j - b - 21 = 0, 5*o - 70 = 5*j. What is the greatest common factor of o and 128?
16
Let r be -24*(-2 - 33/12). Let i be (-6)/4 - r/(-4). What is the greatest common divisor of 3 and i?
3
Let f(z) be the second derivative of z**5/20 + z**4/2 - z**3/3 - 3*z**2 + 2*z. Let w be f(-6). What is the greatest common divisor of w and 66?
6
Suppose -4*a = -a - 18. Suppose 2*d + 1 = 5. What is the greatest common factor of a and d?
2
Let f(k) = k**3 + 9*k**2 + 9*k + 11. Let c(s) = s**3 - 4*s**2 - s + 4. Let r be c(3). Let q be f(r). What is the highest common factor of q and 12?
3
Suppose -2*t - 2*t - d = -726, 0 = -2*d - 4. What is the greatest common divisor of 14 and t?
14
Let q = -6 + 3. Let o(z) = 4*z + 8. Let f(l) = -l - 1. Let a(g) = q*f(g) - o(g). Let w be a(-7). What is the greatest common factor of 8 and w?
2
Suppose 16 = 4*p - 16. What is the greatest common factor of 40 and p?
8
Let l(p) = -p**3 + 13*p**2 + 30*p + 34. Let f be l(15). What is the greatest common divisor of 136 and f?
34
Let w(t) = -t - 8. Let p be w(0). Let j = p - -26. Suppose -q + j = -0*q. Calculate the highest common divisor of q and 198.
18
Let o = 0 + 0. Suppose l - 5*l + 140 = o. Suppose -29 = -3*a - 4*m, -4 - 1 = -a + m. Calculate the greatest common divisor of l and a.
7
Suppose 0 = -0*p - 2*p - 130. Let l = 130 + p. Let i(c) = -c**3 + c + 13. Let t be i(0). What is the highest common divisor of t and l?
13
Let o = 540 - 340. Calculate the highest common factor of o and 40.
40
Suppose -3*c + 10 = -5. Suppose 0*r + c*r - 65 = 0. What is the greatest common divisor of r and 143?
13
Let j(o) = o**3 + 8*o**2 + 6*o + 2. Let r = 2 + -6. Let s be j(r). What is the highest common divisor of 63 and s?
21
Suppose 6 = 2*v - 2*j, -1 = -v + 2*j + 3. Let m = 1 + v. Let y(c) = c**3 - c**2 - c + 1. Let a be y(m). Calculate the highest common divisor of 2 and a.
2
Let o(f) = 3*f - 4. Let i = 20 - 14. Let t be o(i). Calculate the greatest common divisor of 56 and t.
14
Let k = -54 + 94. Let p = -10 + 26. What is the greatest common divisor of k and p?
8
Suppose -4*c = 2*q - 620, -155 = 2*c - 3*c + 3*q. Suppose -m - 186 = -4*m. What is the highest common factor of c and m?
31
Let p be -1*2 - 0/(-7). Let i be p/(2*3/(-231)). What is the highest common factor of 11 and i?
11
Suppose 2 = 5*w - 68. Let b = 1 - 1. Suppose 4*y = 3*z - b*y - 184, 4*z + 5*y - 204 = 0. Calculate the greatest common divisor of z and w.
14
Let k be 55/45 + (-2)/9. Let c be -29 + 2 + -1*k. Let f be (c/3)/(6/(-36)). What is the highest common divisor of 8 and f?
8
Suppose -60 = -5*r + r. Let c(m) = 34*m**2 - 2*m + 3. Let j(q) = q**2 + q - 4. Let v be j(-3). Let g be c(v). What is the highest common divisor of r and g?
15
Suppose 5*t + 2*g - 25 = 35, -t + 34 = -4*g. Calculate the greatest common divisor of 84 and t.
14
Let u = 110 - -143. Suppose 2*j + 2 = 5*t + 28, 5*j + 2*t = 123. Calculate the greatest common divisor of u and j.
23
Suppose 4*m + 0 = 8. Let q be 2/2 - (m - 11). Let p = 220 - 110. Calculate the greatest common divisor of p and q.
10
Let r be 0 + 12*6/4. Let z(d) = 5*d - 3*d - 6*d + 3*d + 15. Let y be z(13). What is the greatest common divisor of r and y?
2
Let a be (1 - -34)*(0 - -1). Let o(d) = d**2 + 4*d - 3. Let t be o(-4). Let z be (-1)/(-3) - a/t. Calculate the greatest common divisor of 6 and z.
6
Suppose 168 = 2*j + j. What is the greatest common divisor of 7 and j?
7
Suppose -35 + 8 = -3*q. Calculate the highest common divisor of q and 9.
9
Let g be (4 + (-20)/8)/(3/272). Calculate the greatest common divisor of g and 17.
17
Let l(a) = -a**2 - 8*a. Let u be l(-8). Suppose u = 2*z - 5*z + 18. Calculate the highest common factor of z and 42.
6
Let n(k) = -k**3 + 6*k**2 + k. Let o be n(6). Suppose 24 = o*s - 2*s. Let m be 4/s + 14/6. What is the highest common factor of 1 and m?
1
Suppose 0 = 5*a - 5*h + 6*h - 4, 4*a + 1 = -5*h. Let g be (38/(-6))/(a/(-18)). Let u = 169 - g. What is the highest common factor of u and 11?
11
Let u be 0 + (-3 - -6) + -1. Let k = -5 + u. Let l be 75 + (0 - (k + 0)). What is the greatest common factor of 13 and l?
13
Suppose 14 = 3*h + 5*l, 5*h + 3*l - 32 = 2. Suppose -g + h + 10 = 0. What is the highest common 